{"id":54,"date":"2014-06-02T09:46:10","date_gmt":"2014-06-02T07:46:10","guid":{"rendered":"https:\/\/alumni.lerbermatt.ch\/?page_id=54"},"modified":"2025-10-15T21:38:57","modified_gmt":"2025-10-15T19:38:57","slug":"vorstand-2","status":"publish","type":"page","link":"https:\/\/alumni.lerbermatt.ch\/?page_id=54","title":{"rendered":"Vorstand"},"content":{"rendered":"\n\n\n<figure class=\"wp-block-table is-style-regular\"><table class=\"has-border-color has-base-border-color\"><tbody><tr><td><\/td><td><br><\/td><\/tr><tr><td><a href=\"https:\/\/alumni.lerbermatt.ch\/wp-content\/uploads\/2017\/03\/Frau-Anonym.jpg\"><img loading=\"lazy\" decoding=\"async\" class=\"alignnone wp-image-311 size-full\" src=\"https:\/\/alumni.lerbermatt.ch\/wp-content\/uploads\/2017\/03\/Frau-Anonym.jpg\" alt=\"\" width=\"200\" height=\"222\" srcset=\"https:\/\/alumni.lerbermatt.ch\/wp-content\/uploads\/2017\/03\/Frau-Anonym.jpg 200w, https:\/\/alumni.lerbermatt.ch\/wp-content\/uploads\/2017\/03\/Frau-Anonym-100x111.jpg 100w, https:\/\/alumni.lerbermatt.ch\/wp-content\/uploads\/2017\/03\/Frau-Anonym-150x167.jpg 150w\" sizes=\"(max-width: 200px) 100vw, 200px\" \/><\/a><\/td><td><br><p><strong>Victoria Heutschi<\/strong><\/p>Pr\u00e4sidentin<p>Studentin Humanmedizin Uni Bern<\/p><br><\/td><\/tr><tr><td><a href=\"https:\/\/alumni.lerbermatt.ch\/wp-content\/uploads\/2021\/06\/Elli-Loertscher-200-300.png\"><img loading=\"lazy\" decoding=\"async\" class=\"size-full wp-image-467 aligncenter\" src=\"https:\/\/alumni.lerbermatt.ch\/wp-content\/uploads\/2021\/06\/Elli-Loertscher-200-300.png\" alt=\"Portrait von Elli L\u00f6rtscher\" width=\"200\" height=\"300\" srcset=\"https:\/\/alumni.lerbermatt.ch\/wp-content\/uploads\/2021\/06\/Elli-Loertscher-200-300.png 200w, https:\/\/alumni.lerbermatt.ch\/wp-content\/uploads\/2021\/06\/Elli-Loertscher-200-300-100x150.png 100w, https:\/\/alumni.lerbermatt.ch\/wp-content\/uploads\/2021\/06\/Elli-Loertscher-200-300-150x225.png 150w\" sizes=\"(max-width: 200px) 100vw, 200px\" \/><\/a><\/td><td><strong>Elli L\u00f6rtscher<\/strong><br>Organisation Veranstaltungen<br>Studentin Mathematik Fernuniversit\u00e4t<\/td><\/tr><tr><td><img loading=\"lazy\" decoding=\"async\" width=\"150\" height=\"167\" class=\"wp-image-311\" style=\"width: 150px;\" src=\"https:\/\/alumni.lerbermatt.ch\/wp-content\/uploads\/2017\/03\/Frau-Anonym.jpg\" alt=\"\" srcset=\"https:\/\/alumni.lerbermatt.ch\/wp-content\/uploads\/2017\/03\/Frau-Anonym.jpg 200w, https:\/\/alumni.lerbermatt.ch\/wp-content\/uploads\/2017\/03\/Frau-Anonym-100x111.jpg 100w, https:\/\/alumni.lerbermatt.ch\/wp-content\/uploads\/2017\/03\/Frau-Anonym-150x167.jpg 150w\" sizes=\"(max-width: 150px) 100vw, 150px\" \/><\/td><td><strong>Mischa Kyburz<\/strong><br>Kassier<strong><br><\/strong><\/td><\/tr><tr><td><img loading=\"lazy\" decoding=\"async\" class=\"wp-image-261 size-full aligncenter\" src=\"https:\/\/alumni.lerbermatt.ch\/wp-content\/uploads\/2014\/06\/Stefan-Balsiger-682x10241-e1427710794209.jpg\" alt=\"Stefan-Balsiger-682x1024\" width=\"200\" height=\"300\"><\/td><td><strong>Stefan Balsiger<br><\/strong>Vertretung Schulleitung<br>Gymansiallehrer f\u00fcr Wirtschaft und Recht, Mitglied Schulleitung GKL<\/td><\/tr><tr><td><img loading=\"lazy\" decoding=\"async\" class=\"wp-image-276 aligncenter\" src=\"https:\/\/alumni.lerbermatt.ch\/wp-content\/uploads\/2015\/09\/r\u00f6m-portrait-853x1024.jpg\" alt=\"r\u00f6m-portrait\" width=\"200\" height=\"240\"><\/td><td><strong>Marcel R\u00f6thlisberger<\/strong><br>Vertretung Lehrkr\u00e4fte<br>Gymnasiallehrer f\u00fcr Englisch, Geschichte und Theater<\/td><\/tr><\/tbody><\/table><\/figure>\n\n\n","protected":false},"excerpt":{"rendered":"<p>Victoria Heutschi Pr\u00e4sidentin Studentin Humanmedizin Uni Bern Elli L\u00f6rtscherOrganisation VeranstaltungenStudentin Mathematik Fernuniversit\u00e4t Mischa KyburzKassier Stefan BalsigerVertretung SchulleitungGymansiallehrer f\u00fcr Wirtschaft und Recht, Mitglied Schulleitung GKL Marcel R\u00f6thlisbergerVertretung Lehrkr\u00e4fteGymnasiallehrer f\u00fcr Englisch, Geschichte und Theater<\/p>\n","protected":false},"author":1,"featured_media":0,"parent":0,"menu_order":3,"comment_status":"closed","ping_status":"closed","template":"full-width-page.php","meta":{"footnotes":""},"_links":{"self":[{"href":"https:\/\/alumni.lerbermatt.ch\/index.php?rest_route=\/wp\/v2\/pages\/54"}],"collection":[{"href":"https:\/\/alumni.lerbermatt.ch\/index.php?rest_route=\/wp\/v2\/pages"}],"about":[{"href":"https:\/\/alumni.lerbermatt.ch\/index.php?rest_route=\/wp\/v2\/types\/page"}],"author":[{"embeddable":true,"href":"https:\/\/alumni.lerbermatt.ch\/index.php?rest_route=\/wp\/v2\/users\/1"}],"replies":[{"embeddable":true,"href":"https:\/\/alumni.lerbermatt.ch\/index.php?rest_route=%2Fwp%2Fv2%2Fcomments&post=54"}],"version-history":[{"count":56,"href":"https:\/\/alumni.lerbermatt.ch\/index.php?rest_route=\/wp\/v2\/pages\/54\/revisions"}],"predecessor-version":[{"id":562,"href":"https:\/\/alumni.lerbermatt.ch\/index.php?rest_route=\/wp\/v2\/pages\/54\/revisions\/562"}],"wp:attachment":[{"href":"https:\/\/alumni.lerbermatt.ch\/index.php?rest_route=%2Fwp%2Fv2%2Fmedia&parent=54"}],"curies":[{"name":"wp","href":"https:\/\/api.w.org\/{rel}","templated":true}]}}

<figure class="wp-block-table is-style-regular"><table class="has-border-color has-base-border-color"><tbody><tr><td></td><td><br></td></tr><tr><td><a href="https://alumni.lerbermatt.ch/wp-content/uploads/2017/03/Frau-Anonym.jpg"><img loading="lazy" decoding="async" class="alignnone wp-image-311 size-full" src="https://alumni.lerbermatt.ch/wp-content/uploads/2017/03/Frau-Anonym.jpg" alt="" width="200" height="222" srcset="https://alumni.lerbermatt.ch/wp-content/uploads/2017/03/Frau-Anonym.jpg 200w, https://alumni.lerbermatt.ch/wp-content/uploads/2017/03/Frau-Anonym-100x111.jpg 100w, https://alumni.lerbermatt.ch/wp-content/uploads/2017/03/Frau-Anonym-150x167.jpg 150w" sizes="(max-width: 200px) 100vw, 200px" /></a></td><td><br><p><strong>Victoria Heutschi</strong></p>Präsidentin<p>Studentin Humanmedizin Uni Bern</p><br></td></tr><tr><td><a href="https://alumni.lerbermatt.ch/wp-content/uploads/2021/06/Elli-Loertscher-200-300.png"><img loading="lazy" decoding="async" class="size-full wp-image-467 aligncenter" src="https://alumni.lerbermatt.ch/wp-content/uploads/2021/06/Elli-Loertscher-200-300.png" alt="Portrait von Elli Lörtscher" width="200" height="300" srcset="https://alumni.lerbermatt.ch/wp-content/uploads/2021/06/Elli-Loertscher-200-300.png 200w, https://alumni.lerbermatt.ch/wp-content/uploads/2021/06/Elli-Loertscher-200-300-100x150.png 100w, https://alumni.lerbermatt.ch/wp-content/uploads/2021/06/Elli-Loertscher-200-300-150x225.png 150w" sizes="(max-width: 200px) 100vw, 200px" /></a></td><td><strong>Elli Lörtscher</strong><br>Organisation Veranstaltungen<br>Studentin Mathematik Fernuniversität</td></tr><tr><td><img loading="lazy" decoding="async" width="150" height="167" class="wp-image-311" style="width: 150px;" src="https://alumni.lerbermatt.ch/wp-content/uploads/2017/03/Frau-Anonym.jpg" alt="" srcset="https://alumni.lerbermatt.ch/wp-content/uploads/2017/03/Frau-Anonym.jpg 200w, https://alumni.lerbermatt.ch/wp-content/uploads/2017/03/Frau-Anonym-100x111.jpg 100w, https://alumni.lerbermatt.ch/wp-content/uploads/2017/03/Frau-Anonym-150x167.jpg 150w" sizes="(max-width: 150px) 100vw, 150px" /></td><td><strong>Mischa Kyburz</strong><br>Kassier<strong><br></strong></td></tr><tr><td><img loading="lazy" decoding="async" class="wp-image-261 size-full aligncenter" src="https://alumni.lerbermatt.ch/wp-content/uploads/2014/06/Stefan-Balsiger-682x10241-e1427710794209.jpg" alt="Stefan-Balsiger-682x1024" width="200" height="300"></td><td><strong>Stefan Balsiger<br></strong>Vertretung Schulleitung<br>Gymansiallehrer für Wirtschaft und Recht, Mitglied Schulleitung GKL</td></tr><tr><td><img loading="lazy" decoding="async" class="wp-image-276 aligncenter" src="https://alumni.lerbermatt.ch/wp-content/uploads/2015/09/röm-portrait-853x1024.jpg" alt="röm-portrait" width="200" height="240"></td><td><strong>Marcel Röthlisberger</strong><br>Vertretung Lehrkräfte<br>Gymnasiallehrer für Englisch, Geschichte und Theater</td></tr></tbody></table></figure>

<p>Victoria Heutschi Präsidentin Studentin Humanmedizin Uni Bern Elli LörtscherOrganisation VeranstaltungenStudentin Mathematik Fernuniversität Mischa KyburzKassier Stefan BalsigerVertretung SchulleitungGymansiallehrer für Wirtschaft und Recht, Mitglied Schulleitung GKL Marcel RöthlisbergerVertretung LehrkräfteGymnasiallehrer für Englisch, Geschichte und Theater</p>
